{"id":239,"date":"2023-10-31T15:22:44","date_gmt":"2023-10-31T18:22:44","guid":{"rendered":"https:\/\/www.labcs.com.br\/site\/?page_id=239"},"modified":"2024-04-03T08:00:47","modified_gmt":"2024-04-03T11:00:47","slug":"quem-somos","status":"publish","type":"page","link":"https:\/\/www.labcs.com.br\/site\/quem-somos","title":{"rendered":"Quem Somos"},"content":{"rendered":"<p>O LABORAT\u00d3RIO CI\u00caNCIA DO SOLO MANT\u00c9M DESDE A SUA CRIA\u00c7\u00c3O EM<br \/>\n2005 A TECNOLOGIA E MODERNIDADE EM SEUS SERVI\u00c7OS ANAL\u00cdTICOS.<br \/>\nCOM UMA HIST\u00d3RIA \u00cdNTEGRA E SEMPRE PR\u00d3XIMA DE NOSSOS<br \/>\nCLIENTES E PARCEIROS, FOCAMOS NA CAPACITA\u00c7\u00c3O T\u00c9CNICA DA<br \/>\nEQUIPE, NA MODERNIZA\u00c7\u00c3O DOS EQUIPAMENTOS E NA MELHORIA<br \/>\nCONT\u00cdNUA DOS PROCESSOS.<br \/>\nSOMOS RECONHECIDOS NA NBR ISO 17025:2017 PARA ENSAIOS DE<br \/>\nSOLOS, TAMB\u00c9M SOMOS APROVADOS NO PAQLF PROGRAMA DE QUALIDADE EM<br \/>\nLABORAT\u00d3RIOS DE FERTILIDADE EMBRAPA SOLOS, ROLAS OFICIAL\u00ae<\/p>\n","protected":false},"excerpt":{"rendered":"<p>O LABORAT\u00d3RIO CI\u00caNCIA DO SOLO MANT\u00c9M DESDE A SUA CRIA\u00c7\u00c3O EM 2005 A TECNOLOGIA E MODERNIDADE EM SEUS SERVI\u00c7OS ANAL\u00cdTICOS. COM UMA HIST\u00d3RIA \u00cdNTEGRA E SEMPRE PR\u00d3XIMA DE NOSSOS CLIENTES E PARCEIROS, FOCAMOS NA CAPACITA\u00c7\u00c3O T\u00c9CNICA DA EQUIPE, NA MODERNIZA\u00c7\u00c3O DOS EQUIPAMENTOS E NA MELHORIA CONT\u00cdNUA DOS PROCESSOS. SOMOS RECONHECIDOS NA NBR ISO 17025:2017 PARA [&hellip;]<\/p>\n","protected":false},"author":1,"featured_media":0,"parent":0,"menu_order":0,"comment_status":"closed","ping_status":"closed","template":"","meta":{"_acf_changed":false,"footnotes":""},"class_list":["post-239","page","type-page","status-publish","hentry"],"acf":[],"_links":{"self":[{"href":"https:\/\/www.labcs.com.br\/site\/wp-json\/wp\/v2\/pages\/239","targetHints":{"allow":["GET"]}}],"collection":[{"href":"https:\/\/www.labcs.com.br\/site\/wp-json\/wp\/v2\/pages"}],"about":[{"href":"https:\/\/www.labcs.com.br\/site\/wp-json\/wp\/v2\/types\/page"}],"author":[{"embeddable":true,"href":"https:\/\/www.labcs.com.br\/site\/wp-json\/wp\/v2\/users\/1"}],"replies":[{"embeddable":true,"href":"https:\/\/www.labcs.com.br\/site\/wp-json\/wp\/v2\/comments?post=239"}],"version-history":[{"count":6,"href":"https:\/\/www.labcs.com.br\/site\/wp-json\/wp\/v2\/pages\/239\/revisions"}],"predecessor-version":[{"id":277,"href":"https:\/\/www.labcs.com.br\/site\/wp-json\/wp\/v2\/pages\/239\/revisions\/277"}],"wp:attachment":[{"href":"https:\/\/www.labcs.com.br\/site\/wp-json\/wp\/v2\/media?parent=239"}],"curies":[{"name":"wp","href":"https:\/\/api.w.org\/{rel}","templated":true}]}}